 of b?
6
Let t(i) = -i**3 + 13*i**2 - 18*i - 7. What is the tens digit of t(11)?
3
Let b(z) = z**3 - 16*z**2 + 27*z + 19. Let f be b(14). Suppose -f*h + 575 = -0*h. What is the tens digit of h?
1
Suppose -t + 39 = -2*t. Suppose -3*r - 7 = -208. Let n = t + r. What is the units digit of n?
8
Suppose 8*w - 10 = 3*w, y - 5*w - 349 = 0. What is the tens digit of y?
5
Suppose -4*m = -2*n + 18, 3*n + 4*m - 7*m - 15 = 0. Let o be (-1)/(-1)*(-1 - -1). Suppose 2*j + n - 79 = o. What is the units digit of j?
9
Let g be (28/5)/(20/(-150)). Let i = g + 76. What is the units digit of i?
4
Let k(w) be the second derivative of 8*w + 13/4*w**4 - w**2 - 1/2*w**3 + 0. What is the units digit of k(-1)?
0
Let v = -17 - -18. Let u = -9 - v. Let k = 19 + u. What is the units digit of k?
9
Let h be (-4)/(20/(-785)) + 4. What is the units digit of (1*24)/(46/h)?
4
Suppose 3*b = -0*b + 12. Suppose b*t = 6*t. Suppose t = -3*x + l + 61, 3*l + 8 = l. What is the tens digit of x?
1
Suppose -5*k + 28 = -2*u, -2*k + 7*u + 28 = 2*u. Let x = -50 + 52. Suppose k*f - y - 77 = f, -52 = -x*f + y. What is the tens digit of f?
2
Suppose -39*p + 17*p = -25388. What is the tens digit of p?
5
Let u be (-2)/(-5) - (-1104)/15. Let k = u - 36. What is the tens digit of k?
3
Let f(c) = 3*c**2 + 7*c - 7. Let h(s) = -s**3 + 4*s**2 + 4. Let k be h(4). Suppose -2*q = 3*m + 20, -k*q = -0*m + 5*m + 34. What is the tens digit of f(m)?
5
Let b(c) be the second derivative of -7*c**3/6 - 5*c**2 - 9*c. What is the units digit of b(-5)?
5
Let j(t) = 10*t**2 + 2*t**3 - 3*t**3 + 13 + 9*t + 2*t. Suppose -5*n + 68 = 13. What is the units digit of j(n)?
3
Let l(h) = h**2 + 4*h + 6. Let p be 5*(-2 + 6/15). What is the units digit of l(p)?
8
Let n = -41 - 19. Suppose 4*t + 2*g = 5*g - 155, 0 = -t - 2*g - 36. Let r = t - n. What is the units digit of r?
2
Let a = -42 + 44. Suppose -a*z + 0*z = -32. What is the units digit of z?
6
Let v(l) = -l**2 + 6*l - 1. Let k be v(4). Suppose -153 = 4*u - k*u. What is the units digit of u?
1
Let h(y) = -13*y + 15. Let w be h(-5). Let a = w + 199. What is the hundreds digit of a?
2
Let v(n) = n**3 - 4*n**2 - 10*n - 9. Let o be v(6). Suppose o*q - 3*r - 201 = -0*r, -5*q - r = -317. What is the units digit of q?
4
Let q be 1 + -1095*-1*(-6)/(-9). Suppose 4*p + p - 4*n - q = 0, 441 = 3*p - 3*n. What is the hundreds digit of p?
1
Let k(b) = -2*b**2 + 13*b + 6. Let x be k(7). What is the tens digit of (152 - -4)/2 - (x + 1)?
7
Let w(k) be the first derivative of -3*k**4/4 - k**3/3 + k**2 - k - 4. Let a be w(1). What is the tens digit of 1/(-2)*a*14?
2
Let k(n) = 7*n + 2 - 6*n + 1. Let q be k(-11). What is the tens digit of ((-29)/2)/(4/q)?
2
Let j be 2/1 + 3 - 2. Let d(p) = p - 16. Let b be d(-8). What is the units digit of j*20*(-16)/b?
0
What is the hundreds digit of 1 + 202 - (-88)/22?
2
Let c = 21 + -17. Suppose 8*j = c*j + 244. What is the units digit of j?
1
Let z(k) = 3 - 5*k - 8 - 4 + 36*k. What is the units digit of z(2)?
3
Let j = 31 + -29. Suppose -k + 2*z + 34 = j*k, -z = -3*k + 29. Suppose -2*g + 0*g + 22 = -4*n, -3*n - k = -g. What is the units digit of g?
7
Suppose 49 = -3*i - 332. Let j = i + 235. What is the hundreds digit of j?
1
Let m(c) = 3*c**3 + 2*c**2 - 4*c - 2. Let d be m(-3). Suppose 0 = 5*p - 26 + 1, -p - 265 = -3*l. Let a = d + l. What is the units digit of a?
7
What is the units digit of (84/7)/6*-1 - -3853?
1
Suppose -2*c + 5*o + 11 = 26, 4*c - 5*o + 5 = 0. Suppose -20 = 6*x - 8*x. Suppose -5*i = -3*a + 49 + 40, -c*i = -x. What is the tens digit of a?
3
Suppose -4*x + 4 - 44 = 0. What is the tens digit of (-786)/x + (4 - 72/20)?
7
Suppose -5*j = -3*y - 24, 4*y + y = -j - 12. Let h be (456/(-14) + (-136)/(-238))*-1. Suppose -v = -j*v + h. What is the tens digit of v?
1
Let x(w) = w - 40. Let c be x(18). Let z = 81 + c. What is the units digit of z?
9
Let x = -544 + 659. What is the units digit of x?
5
Let b = -112 + 956. What is the tens digit of b?
4
Let a(g) = g**2. Suppose 0 = 2*x - 5*x. Suppose -3*d - 18 = -x*d. What is the units digit of a(d)?
6
Let m(i) = -i**2 - 21*i - 96. Let f be m(-15). What is the tens digit of ((-3)/f)/(582/(-584) - -1)?
4
Suppose -8*r + 9*r + 3593 = 3*a, 4*a - 4*r - 4788 = 0. What is the hundreds digit of a?
1
Suppose 0 = -207*v + 194*v + 29458. What is the units digit of v?
6
Suppose -2*k - p = -41, 0 = -11*k + 6*k + 5*p + 65. Suppose -3*i + 5*l = -53, -2*l + 4*l + 50 = 3*i. Let u = k - i. What is the units digit of u?
2
Suppose -1694 + 150 = -8*m. Let i = m - 114. What is the tens digit of i?
7
Let n(s) = 11*s + 27. What is the units digit of n(6)?
3
Let d(s) = -244*s**3 - 3*s**2 - 5*s - 2. What is the units digit of d(-1)?
4
Let s = 4 - 0. Suppose 7*q - s*q = 0. Suppose z - 5*d - 12 = q, -4*d - 72 = -3*z - d. What is the units digit of z?
7
Suppose -5*t = -r - 96, -5*t + 32 = -3*t - 2*r. Suppose 15*q - t*q = -405. What is the tens digit of q?
8
Suppose -f + 1 = -j + 9, -3*j + 42 = -5*f. What is the units digit of 63/f*(-2)/2?
7
Let c(p) = 1 - 11*p**2 + 0 + 10*p**2 + 2*p**2 - p. What is the units digit of c(3)?
7
Let t = 398 + 470. What is the hundreds digit of t?
8
Let x be (13/39)/(0 + (-2)/(-276)). Suppose -7*y = -333 + x. What is the tens digit of y?
4
What is the hundreds digit of 8/(-56)*-7 + (256 - -2)?
2
Suppose -4*h - 5*m + 5024 = 0, 5*h - 5*m - 3999 = 2281. What is the units digit of h?
6
Suppose -6 - 14 = -5*p, 4*p + 4 = 5*d. Suppose 0 = -d*j - 41 + 165. What is the units digit of j?
1
What is the tens digit of 34444/6 - (-8)/24*-2?
4
Suppose 3*i - 4 = 8, 2*r = 5*i - 4. Suppose -30 - 14 = -11*o. Suppose 3*t - 7*t = r, 4*t = o*g - 76. What is the units digit of g?
7
Let l = -647 - -1022. Suppose y - l = -2*y. What is the units digit of y?
5
Suppose 5*t + 224 = -3*a, -4*a + 0*a + 3*t - 318 = 0. Let y = 207 + a. What is the hundreds digit of y?
1
Let n(u) = -5*u + 4. Let b be 8/(-12) - 28/(-6). Suppose b*v - 55 = 9*v. What is the units digit of n(v)?
9
Let n be 2/(-8) + 21*(-2)/(-8). Suppose -m - 6 - 7 = 4*c, 4*c - 4*m = 12. Let g = c + n. What is the units digit of g?
3
Let n = 10504 + -7175. What is the units digit of n?
9
Let w(k) = -k**2 - 13*k + 12. Let s = 19 + -25. Let o = s - 5. What is the tens digit of w(o)?
3
Let r(z) = -23*z**3 - 7*z**2 - 15*z + 5. What is the units digit of r(-6)?
1
Let d be 7*1 - (-2 + 4). Let x = -116 + 120. Suppose d*b = 4*j - 9*j + 155, -x*j + 115 = b. What is the tens digit of j?
2
Suppose -4*j + 14*s + 10813 = 9*s, 0 = -5*j - 2*s + 13541. What is the hundreds digit of j?
7
Let c be (-12)/(-9) - 574/(-6). Suppose 0 = -13*b - c + 513. What is the tens digit of b?
3
Suppose -3*p = -2*a + 15, -3*p - 4*a = -2*a + 3. Let i be (-2844)/(-54) + (-1)/p. Let h = -21 + i. What is the tens digit of h?
3
Suppose -3*r + 5*n + 24 = 0, -6 = -2*r - n - 3. Suppose -2*c - 2*c = -8. Suppose k + 4*w - 75 = -r, -k + c*w = -42. What is the units digit of k?
2
Suppose -16 = 12*p - 10*p. What is the units digit of (-1456)/(-10) + p/(-20)?
6
Let b(l) = -l**2 - 9*l + 13. Let x be b(-11). What is the tens digit of (-33 + x)*2/(-2)?
4
Suppose 10 = -r + 13. Suppose s + r*s - 144 = 0. What is the tens digit of s?
3
Let o = 15 - 14. Let z(k) = 0 - o + 4*k + 3 - 3. What is the units digit of z(2)?
7
Suppose 22 + 16 = -2*i + 3*o, -2*o + 73 = -5*i. Let y = i + 22. What is the units digit of y?
9
Let s = 22 + -19. Suppose -t + 4*u + 580 = s*t, 765 = 5*t + 5*u. What is the units digit of t?
9
Let m be -4*1/(-2) + (-4)/1. What is the tens digit of ((-18)/(-12) + m)*-314?
5
Let z(j) be the second derivative of 33*j**3 - 5*j**2/2 - 41*j. What is the hundreds digit of z(1)?
1
Suppose -i = -5*i + 588. Suppose -12*z = 49 - 73. Suppose -c - z*c = -i. What is the tens digit of c?
4
Let r(h) = 45*h**2 - 34*h - 5. What is the tens digit of r(-5)?
9
Let m(u) = 2*u - 4. Let q be m(-9). Suppose -c - 9 = a, c = -4*c - 3*a - 47. Let i = c - q. What is the units digit of i?
2
Let a be -3 + 155 + 0/(-1). Let w = -30 + 36. Suppose 2*z = w*z - a. What is the tens digit of z?
3
Let b(a) = -16 + 6*a + 8*a**2 + 3*a - 4*a + 14. What is the hundreds digit of b(-4)?
1
Let v = 44 - 44. Let p(x) = x**2 + 2*x + 8. What is the units digit of p(v)?
8
Let l(z) = 5*z - 12. Let v be l(9). Let x = v - -18. What is the units digit of x?
1
Le